actors of 5682404?
2, 7, 13, 67, 233
What are the prime factors of 195885341?
307, 638063
List the prime factors of 380675446.
2, 71, 2680813
List the prime factors of 3143753178.
2, 3, 29, 18067547
List the prime factors of 827252371.
11, 79, 951959
List the prime factors of 1881300820.
2, 5, 7, 149, 90187
What are the prime factors of 18425230?
2, 5, 1842523
What are the prime factors of 95191666?
2, 821, 57973
List the prime factors of 43279495.
5, 7, 176651
List the prime factors of 9320657.
79, 127, 929
List the prime factors of 809287993.
43, 18820651
What are the prime factors of 2454752608?
2, 7, 11, 31, 4591
List the prime factors of 1047613412.
2, 19, 37, 103, 3617
List the prime factors of 187558053.
3, 107, 557, 1049
List the prime factors of 238997405.
5, 41, 53, 21997
What are the prime factors of 7784607376?
2, 7, 13, 5346571
List the prime factors of 161072458.
2, 431, 186859
What are the prime factors of 312312307?
312312307
List the prime factors of 3771486713.
3771486713
List the prime factors of 193611740.
2, 5, 7, 31, 6373
List the prime factors of 77777534.
2, 38888767
What are the prime factors of 43704383?
43, 53, 127, 151
List the prime factors of 603875629.
7, 31, 251, 11087
What are the prime factors of 446029881?
3, 11, 71, 190367
List the prime factors of 1230168953.
13, 367, 401, 643
What are the prime factors of 257881867?
1399, 184333
List the prime factors of 128445816.
2, 3, 43, 71, 1753
What are the prime factors of 3776226?
2, 3, 629371
List the prime factors of 1734367173.
3, 7, 11, 107, 6379
What are the prime factors of 288577769?
277, 3761
What are the prime factors of 39070289?
19, 1429, 1439
What are the prime factors of 1884299759?
67, 397, 70841
What are the prime factors of 615052621?
139, 541, 8179
List the prime factors of 34876265.
5, 17, 71, 5779
List the prime factors of 5108851882.
2, 2554425941
List the prime factors of 40349467.
3221, 12527
What are the prime factors of 1595043962?
2, 571, 1396711
List the prime factors of 139988644.
2, 571, 61291
What are the prime factors of 1121562212?
2, 2657, 105529
What are the prime factors of 1553397295?
5, 73, 503, 8461
What are the prime factors of 160655545?
5, 19, 499, 3389
What are the prime factors of 363737055?
3, 5, 11, 137, 16091
List the prime factors of 1553854350.
2, 3, 5, 10359029
List the prime factors of 1242724056.
2, 3, 7, 829, 8923
List the prime factors of 24872630.
2, 5, 59, 42157
List the prime factors of 2776937741.
431, 6443011
List the prime factors of 114957669.
3, 389, 98507
What are the prime factors of 440016557?
440016557
List the prime factors of 55787882.
2, 359, 77699
List the prime factors of 347274510.
2, 3, 5, 11, 41, 25667
What are the prime factors of 77777335?
5, 113, 137659
List the prime factors of 46061616.
2, 3, 959617
List the prime factors of 25259638.
2, 29, 269, 1619
What are the prime factors of 246252020?
2, 5, 7, 37, 137, 347
List the prime factors of 139460604.
2, 3, 11621717
What are the prime factors of 87614616?
2, 3, 3650609
List the prime factors of 996719851.
1483, 672097
What are the prime factors of 138383924?
2, 7, 4942283
List the prime factors of 695036563.
13, 23, 43, 54059
What are the prime factors of 727663583?
727663583
List the prime factors of 249053001.
3, 233, 356299
List the prime factors of 273047060.
2, 5, 11, 13, 95471
What are the prime factors of 229640251?
19, 103, 271, 433
List the prime factors of 1316707689.
3, 11, 39900233
List the prime factors of 1619322733.
7, 10007, 23117
List the prime factors of 2215419473.
10979, 201787
List the prime factors of 828855072.
2, 3, 959323
What are the prime factors of 4568065276?
2, 61, 193, 97003
List the prime factors of 628246251.
3, 1871, 37309
List the prime factors of 1444430962.
2, 13, 853, 65129
What are the prime factors of 1975502271?
3, 521, 1263917
What are the prime factors of 178176484?
2, 3203, 13907
What are the prime factors of 505574359?
505574359
List the prime factors of 5620529.
5620529
List the prime factors of 263867298.
2, 3, 43977883
List the prime factors of 65347120.
2, 5, 816839
List the prime factors of 1624553244.
2, 3, 43, 53, 19801
List the prime factors of 50181133.
50181133
What are the prime factors of 46320510?
2, 3, 5, 31, 49807
List the prime factors of 20189474.
2, 617, 16361
What are the prime factors of 527057054?
2, 1153, 228559
What are the prime factors of 54885479?
11, 453599
List the prime factors of 381971082.
2, 3, 63661847
List the prime factors of 5456070.
2, 3, 5, 60623
List the prime factors of 72932478.
2, 3, 71, 171203
List the prime factors of 169605432.
2, 3, 587, 4013
List the prime factors of 150053660.
2, 5, 43, 174481
List the prime factors of 275558679.
3, 11, 309269
List the prime factors of 2706465521.
1231, 2198591
List the prime factors of 13863493.
7, 37, 53527
What are the prime factors of 3293470?
2, 5, 329347
List the prime factors of 201818505.
3, 5, 7, 274583
What are the prime factors of 1450339766?
2, 379, 1913377
List the prime factors of 642325392.
2, 3, 4460593
List the prime factors of 1700758385.
5, 61, 5576257
What are the prime factors of 831232090?
2, 5, 13, 6394093
List the prime factors of 23653708.
2, 13, 19, 89, 269
List the prime factors of 7302407657.
7302407657
What are the prime factors of 742174233?
3, 9547, 25913
List the prime factors of 272120338.
2, 7, 53, 257, 1427
What are the prime factors of 86146909?
86146909
What are the prime factors of 376930045?
5, 43, 103, 17021
List the prime factors of 25136719.
163, 154213
What are the prime factors of 710781932?
2, 7, 181, 140249
List the prime factors of 34387541.
37, 929393
List the prime factors of 48450122.
2, 7, 70627
List the prime factors of 20456625.
3, 5, 7, 7793
List the prime factors of 6516302522.
2, 113, 28833197
List the prime factors of 286495014.
2, 3, 13, 3673013
List the prime factors of 213373184.
2, 29, 41, 701
What are the prime factors of 48276251?
131, 368521
What are the prime factors of 36516756?
2, 3, 3043063
List the prime factors of 4160729048.
2, 7, 74298733
List the prime factors of 79812795.
3, 5, 5320853
List the prime factors of 1188695557.
7, 24259093
List the prime factors of 18843035.
5, 3768607
List the prime factors of 217842049.
19, 83, 107, 1291
What are the prime factors of 1271058278?
2, 7, 17, 389, 13729
What are the prime factors of 553467295?
5, 1171, 94529
List the prime factors of 1394200615.
5, 727, 383549
What are the prime factors of 826321817?
127, 163, 179, 223
What are the prime factors of 214608820?
2, 5, 10730441
List the prime factors of 43474041.
3, 13, 371573
List the prime factors of 44352798.
2, 3, 7, 1056019
What are the prime factors of 378646087?
378646087
List the prime factors of 3731757742.
2, 31, 139, 173, 2503
List the prime factors of 119275361.
107, 1114723
What are the prime factors of 808101725?
5, 32324069
What are the prime factors of 6467276?
2, 17, 95107
What are the prime factors of 3376393012?
2, 257, 1187, 2767
What are the prime factors of 2585900207?
11, 235081837
List the prime factors of 129906860.
2, 5, 17, 41, 9319
What are the prime factors of 1064951416?
2, 43, 59, 137, 383
List the prime factors of 398592091.
139, 2867569
List the prime factors of 5560549722.
2, 3, 7, 13, 73, 5167
What are the prime factors of 82104397?
82104397
What are the prime factors of 51853182?
2, 3, 8642197
What are the prime factors of 1567333499?
2137, 733427
List the prime factors of 99513064.
2, 7, 1223, 1453
What are the prime factors of 1517591690?
2, 5, 43, 3529283
List the prime factors of 281415192.
2, 3, 37, 311, 1019
List the prime factors of 557524349.
557524349
What are the prime factors of 49109178?
2, 3, 269, 30427
List the prime factors of 229349785.
5, 7, 6552851
List the prime factors of 303328879.
7, 509, 85133
What are the prime factors of 5450844640?
2, 5, 17, 19, 29, 3637
List the prime factors of 281109686.
2, 11, 13, 97, 10133
List the prime factors of 105274276.
2, 26318569
List the prime factors of 7606986970.
2, 5, 11, 5869, 11783
List the prime factors of 5652385013.
11, 1093, 470131
What are the prime factors of 293275871?
7, 53, 790501
List the prime factors of 236253968.
2, 3389, 4357
What are the 